en a*(-6 + (-77)/(-14)) is divided by m.
6
Let z(g) = -12*g**3 - 148*g**2 + 72*g + 11. Calculate the remainder when z(-13) is divided by 154.
119
Let s = -98 - -106. Calculate the remainder when 105 is divided by s/12 - (-1120)/30.
29
Let g(h) = 28*h - 4. Suppose 5*t - 3*p = -2, 3*t = t - 5*p + 24. Let y = 990 + -979. Calculate the remainder when g(t) is divided by y.
8
Suppose -5*k = -5*r + 55, -2*k - k = 3. Let a(y) = -3*y**2 + 26*y + 4387. What is the remainder when a(-34) is divided by r?
5
Suppose 19 + 38 = 4*d - 3*g, -3*d - 2*g + 47 = 0. Calculate the remainder when ((-1)/1)/(1 + 990/(-979)) is divided by d.
14
Let a(i) = i**2 - 37*i + 35. Let p be a(30). Let h = -144 - p. What is the remainder when 110 is divided by h?
17
Let j(z) = -z**2 + 15*z + 79. Let x be j(22). Let d(p) = p**3 - 2*p**2 + p + 2. What is the remainder when d(2) is divided by -4*(-6)/108 - x/27?
1
Let x(f) = -f**3 + f**2 + 19*f + 39. Suppose 29*y - 28*y - 257 = 0. What is the remainder when y is divided by x(-4)?
42
Suppose 0 = -20*u + 82*u - 16182. Calculate the remainder when 273 is divided by u.
12
Let z = 122 + -85. Suppose -u - 411 = -3*y, 4*y + u - 333 = 208. Calculate the remainder when y is divided by z.
25
What is the remainder when (4405/26 + 50/650)/((-1)/(-38)) is divided by 22?
17
Suppose 4 = 3*o - 5. Suppose 0 = -o*i + 42 + 3. What is the remainder when i is divided by 11?
4
Suppose -10*g + 3869 = 43*g. Calculate the remainder when 1838 is divided by g.
13
Let k be 2/2 - 3/(3/5). Let n(f) = -f**3 - 3*f**2 + 2*f - 4. Let x be n(k). Suppose x*j - j = 42. What is the remainder when j is divided by 8?
6
Let a = 187 + -143. Let w(u) = -4*u**3 + 2*u**2 - 2*u + 3. Let p be w(2). Let z = p + 155. What is the remainder when z is divided by a?
42
Suppose -2*p - 4*x = -102, 2*p - 114*x - 100 = -119*x. Calculate the remainder when p is divided by 42.
13
Let a = 110171 - 109933. Let j(h) = h**3 - 4*h**2 + 4*h + 4. What is the remainder when a is divided by j(4)?
18
Suppose -5 + 17 = 3*i. Let a(y) = 6*y**2 - 413*y - 415. Calculate the remainder when i is divided by a(-1).
0
Let r(y) = -54*y + 106. Calculate the remainder when r(-11) is divided by 79.
68
Let l = 121 + -134. What is the remainder when 13 + l + (-252)/(-1) is divided by 17?
14
Let p(w) be the first derivative of 9*w + 0*w**3 - 1/4*w**4 + 5*w**2 - 32. What is the remainder when 41 is divided by p(-3)?
5
Let o = -18 - -31. Let r(k) = -369*k**2 - 5170*k - 7. What is the remainder when r(-14) is divided by o?
10
Let p(q) = q**3 - 13*q**2 + 20*q + 25. Let k be p(11). What is the remainder when 2/(-2)*(-6 + k) is divided by 1?
0
Let u(v) = -2*v**2 - 29 - 188 + 11*v**2 - 3*v**2 - 3*v**2 + 7*v. Calculate the remainder when u(-20) is divided by 94.
91
What is the remainder when 554 is divided by 1/((-27)/(-5028)) + (-150)/675?
182
Let h = -6 - -3. Let c(o) = -3*o - 3. Suppose -37*u + 1470 - 175 = 0. What is the remainder when u is divided by c(h)?
5
Suppose 2903 - 2453 = 30*c. Calculate the remainder when 190 is divided by c.
10
Suppose 3*x = 2*o + 220, 3*x - 247 = o - 35. Let u be 4/(-3 - (-2)/1). Calculate the remainder when x is divided by 21*(-1)/6*u.
12
Let o(n) = n**3 - 27*n**2 - 34*n + 1. Let w be o(28). Let m = w + 399. What is the remainder when m is divided by 78?
76
Let n(g) = -g**3 - 11*g**2 - 12*g - 15. Let z be n(-10). Let v(t) = 2*t**3 - 8*t**2 + 6*t - 13. Calculate the remainder when 266 is divided by v(z).
65
Calculate the remainder when 5032 is divided by (-76)/(-10) + (-1352)/845.
4
Suppose -h + 4*h = 93. Calculate the remainder when h is divided by 10 - 1*(-10 + (0 + 1 - -15)).
3
Suppose 100*p + 26662 - 103662 = 0. What is the remainder when p is divided by 31?
26
Suppose -8*l = -11*l + 6. Suppose -l*g + 7*g + 20 = 0, 2*x = 3*g + 410. What is the remainder when x is divided by 68?
63
Let o(c) = -c**3 + 6*c**2 - 10*c + 7. Let u be o(6). Let n = u + 63. What is the remainder when 2 is divided by (-26)/(-10) - 6/n?
0
Suppose r - 5*m = -0*m + 12, 2*r = 2*m + 8. Suppose o - r*d = 36 - 5, 3*o - 97 = 5*d. What is the remainder when 125 is divided by o?
8
Let a = 246 - 291. Let o = 90 - a. What is the remainder when o is divided by 47?
41
Let l be 45/90 + 183/2 + 0. What is the remainder when 90 is divided by (l/(-5))/((-14)/105*3)?
44
Let y = -16 + 12. Let i(q) = q**3 - 45*q**2 - 44*q - 45. What is the remainder when i(46) is divided by (-54)/(y + 4 - 2)?
20
Let s = -22621 - -22671. Calculate the remainder when 58 is divided by s.
8
Suppose 0 = 4*r - 30 + 2. Let l be 427/61 + (-112)/(-2). Suppose 0*p - l = -r*p. What is the remainder when 51 is divided by p?
6
Let c = 3 + 32. Let l be -1 + 5/(3 - 2). Suppose -4*r + 2*j + 52 = -0*r, 0 = r + l*j - 4. Calculate the remainder when c is divided by r.
11
Suppose -4*u + 9*u - 80 = 0. Suppose 54*g = 59*g - 75. What is the remainder when (4 - 21*5/g) + 66 is divided by u?
15
Suppose 0 = 17*w - 373 - 11935. Calculate the remainder when w is divided by 106.
88
Suppose 50*l = 6875 - 975. What is the remainder when 457 is divided by l?
103
Let k = -73 - -84. Suppose -k*p + 204 = p. What is the remainder when p is divided by (36/8)/(3/4)?
5
Let t(i) = 9*i**2 - 24*i + 23. Let j = -358 - -359. Calculate the remainder when 27 is divided by t(j).
3
Suppose -5*x + 504 = 9*f - 500, -4*x = 4*f - 784. What is the remainder when 9689 is divided by x?
189
Suppose -3*c = 4*h + 597 - 1675, 4*h + 5*c = 1106. Suppose 3*d - 82 = 2*d + 3*g, 2*d - 179 = g. What is the remainder when h is divided by d?
77
Let s = -86 - -252. Let z be (996/10)/((-165)/550). Let g = 345 + z. Calculate the remainder when s is divided by g.
10
Let n be (-10 - (-728)/65)/(4/50). Calculate the remainder when ((-4536)/(-15) + 8)/(6/n) is divided by 21.
20
Let x be -9*(-70)/(-75)*160/(-12). Suppose 0 = 4*f - 8*f + x. Calculate the remainder when 124 is divided by f.
12
Let c(i) = 8*i**3 - 101*i**2 - 26*i - 14. Let z = 2 + 76. Calculate the remainder when c(13) is divided by z.
77
Let b(y) = 414*y**2 + 7*y - 2. Let i be b(-2). Calculate the remainder when 67 is divided by ((-12)/(-20))/(24/i).
26
Suppose -6*t + t + 310 = 0. Suppose -8*f = b - 78, 53*b - 48*b - 4*f = 38. What is the remainder when t is divided by b?
6
Let g(l) = -l**2 + 36*l + 977. What is the remainder when 8 is divided by g(54)?
3
Let o be ((-8)/(-10))/((-2)/(-10)). Suppose -2*n = -2*x - 72, -n - 2*n = o*x - 143. Let j = 2133313 + -2133299. What is the remainder when n is divided by j?
13
Suppose -3 = k - 4, x = 3*k + 109. Suppose -4*j - 3*w + 70 = 0, -3*w + 38 = -5*j + x. Calculate the remainder when (j - 238)*2/(-6) is divided by 26.
22
Suppose 0 = -11*c + 789 + 1114. Let r = 454 - 410. What is the remainder when c is divided by r?
41
Let k(d) = -7*d + 313. Let h(l) = 15*l**2 + 9*l + 16. What is the remainder when h(-4) is divided by k(34)?
70
Let x(d) = 3*d**3 - 131*d**2 - 47*d + 154. What is the remainder when 3531 is divided by x(44)?
11
Suppose t + 3*g = -t + 8, t + 1 = g. Let j = t - -16. Suppose -39425 = -467*u + 24236 + 7323. Calculate the remainder when u is divided by j.
16
Suppose -n + 6 = 2*d + 1, 5*n = -d + 7. Suppose -7 = -4*o + 5. Suppose -4*b - 5*p = -33, 3*p - 8 - o = 2*b. Calculate the remainder when d is divided by b.
0
Suppose -100 = -5*m + 5*s, s + 52 = 2*m + 3*s. Calculate the remainder when -22*(-12 - -11)*(1 + 1) is divided by m.
21
Suppose -2*q = 248*c - 243*c - 395, 2*c = -q + 158. What is the remainder when 616 is divided by c?
63
Let r(l) = -l**2 - 8*l + 79. Calculate the remainder when r(-8) is divided by 58.
21
Let u = -15 - -15. Suppose 47 = -u*a + a. Let o = -3562 + 3568. Calculate the remainder when a is divided by o.
5
Let v(r) = r**3 + 25*r**2 - 33*r - 685. Calculate the remainder when v(-25) is divided by 3.
2
Let g = -201 + 288. Calculate the remainder when g is divided by 5 + 0 - (-9 + 20/(-4) + 11).
7
Suppose 1407 + 93 = 20*y. What is the remainder when y is divided by 71?
4
Let f be 94/18 + -5 - (-56)/(-9). Calculate the remainder when 72 is divided by ((-45)/f)/((-1)/(-2)).
12
What is the remainder when (-600)/350 + 20469/21 is divided by 322?
7
Suppose 0 = c + 2*k - 6*k + 13, 9*k - 17 = 4*c. What is the remainder when 131/7 + (-12)/(-42) is divided by c?
5
Let c = 53 - 59. Let v be ((1 - 0)*